3*m**2 + 16*m - 44. Calculate the remainder when u(4) is divided by 14.
2
Suppose 1000 = -16*x + 8*x. Let a = x - -145. Calculate the remainder when a is divided by 12.
8
Suppose -p = -7*p + 24. Suppose -2*h = p*h - 18. Let r(m) = 7*m - 13. What is the remainder when 47 is divided by r(h)?
7
Suppose 1821 = 4*x - 3419. Calculate the remainder when x/55 - 4/(-22) is divided by 14.
10
Let t = 45 + -44. Let k(b) = 24*b - 2. What is the remainder when k(t) is divided by (-1)/(2 - 54/26)?
9
Let u = 42 - 26. Suppose 0*o - 4*o = -u, 56 = 5*z - o. Calculate the remainder when (-1)/((-21)/(-14)*2/(-141)) is divided by z.
11
Suppose -15*y - 24 = -13*y. Let g(h) = h**2 + 12*h + 35. Calculate the remainder when g(y) is divided by 1*12 + 0/(-2).
11
Calculate the remainder when (-5)/40 - (-27876)/32 is divided by 97.
95
Suppose -11176 = -7*h - 37*h. Calculate the remainder when h is divided by 16.
14
Let j = -143 - -185. What is the remainder when 115 is divided by j?
31
Let p be ((-2)/4)/(3/48). What is the remainder when 1/(-4) - 282/p is divided by 17/3 + 4/12 + 13?
16
Suppose -5*i + 5*g + 530 = 0, 2*i + 5*g + 7 = 219. Calculate the remainder when i is divided by 37.
32
Let s be 42/((-5)/6 + 1). What is the remainder when (-24)/(-56) - 316/(-14) is divided by 4/10 - s/(-20)?
10
Suppose -11*z - 2328 = -2922. What is the remainder when 358 is divided by z?
34
Suppose 68 = -2*j + 4*j. Suppose -3*x - 671 = -5*n, -3*x + 410 = 2*n + 150. What is the remainder when n is divided by j?
31
Let j(s) = 3*s + 38. Let o be j(-12). What is the remainder when 0 + o/(-4) + 1470/20 is divided by 19?
16
Suppose 5*v + 4*g = 18, -v = -6*g + 2*g + 6. Let u(k) = 17*k - 19. Calculate the remainder when u(v) is divided by 9.
6
Let z = 47 - 42. Suppose -4*o + 120 = 3*v + v, -z*o + 138 = v. Calculate the remainder when 80 is divided by o.
26
Suppose -388 = 15*p - 1903. Calculate the remainder when p is divided by 51.
50
Suppose -9*i + 1432 + 287 = 0. What is the remainder when i is divided by 15?
11
Suppose 2*l = -6, p + 109 - 172 = -2*l. Let y(x) = -6*x**3 + x**2 + x + 1. Calculate the remainder when p is divided by y(-1).
6
Let s = 14 - 3. What is the remainder when (59/(-2)*10)/((-60)/24) is divided by s?
8
Let d = -559 - -562. Calculate the remainder when 51 is divided by d.
0
Let h(p) = -5 + 8*p**3 - 115*p + 119*p + p**2 + 7*p**3. Calculate the remainder when h(2) is divided by 43.
41
Calculate the remainder when 494 is divided by 6/27*201 - 11/(-33).
44
Suppose -38*k + 6518 + 18 = 0. Calculate the remainder when k is divided by 22.
18
Let o be (-4)/(-18) + 1472/18. Suppose 4*x + o = g, -5*g - 5*x = -2*g - 161. What is the remainder when g is divided by 9/(-5)*(-70)/6?
20
Suppose -2397 = 8*k - 3613. Calculate the remainder when 304 is divided by k.
0
Suppose 24*l - 10 = 2486. What is the remainder when 205 is divided by l?
101
Let f = 43 - -45. Calculate the remainder when (-231)/(-4) - 0 - 66/f is divided by 12.
9
Suppose 0*l = g - l - 22, 2*g = 5*l + 29. What is the remainder when 69 is divided by g?
15
Let q = -169 + 222. Calculate the remainder when 315 is divided by q.
50
Let j = 228 - 207. What is the remainder when j is divided by 3?
0
Let b = -943 - -966. Suppose 4*i - 16 = 24. Calculate the remainder when b is divided by i.
3
Calculate the remainder when 11 is divided by 6/2 + 124/31.
4
Suppose 0 = 72*z - 1943 - 4249. What is the remainder when z is divided by 29?
28
Let v(c) = -c**2 - 33*c - 90. Let z be v(-30). Suppose z = n + 3, -6*n - 51 = -2*i - 3*n. What is the remainder when 82 is divided by i?
19
Suppose 0 = -4*v + 4*i + 95 - 31, -2*i = -5*v + 80. Let s(b) = -b**2 + 3*b + 45. Let q = 64 - 64. Calculate the remainder when s(q) is divided by v.
13
Suppose 5*x - 3*g = 126, 3*g - 3 = 6. Suppose -4*v + 22 = -0*l + 2*l, 5*l = 4*v + x. What is the remainder when 13 is divided by l?
6
Let l(h) = -3*h**2 - 3*h + 2. Let q be l(2). Let f be 314/13 - q/(-104). Suppose 2*i + 0*t = -t, 2*i - f = 5*t. Calculate the remainder when 3 is divided by i.
1
Let v(k) = -3*k + 103. Calculate the remainder when v(29) is divided by 3.
1
Let d = 315 - 289. Calculate the remainder when d is divided by 17.
9
Let g(j) = -11*j + 31. Let i be g(7). Calculate the remainder when 29 is divided by 0 + i/(-3) + 14/(-42).
14
Let h = -63 + 106. Calculate the remainder when 188 - 178 - (-1)/(2/236) is divided by h.
42
Suppose 5*i - 3*u + u = 685, -4*i - 4*u + 576 = 0. Let p = -116 + i. Calculate the remainder when 91 is divided by p.
22
Let l(t) = 16*t - 13. Let f(u) = 40*u - 32. Suppose 4*o - 48 = -0. Let a(r) = o*l(r) - 5*f(r). What is the remainder when 39 is divided by a(-2)?
19
Let h(k) be the second derivative of k**3/6 + 29*k**2/2 + 9*k. Calculate the remainder when h(-7) is divided by 13.
9
Let o(v) = -v**3 - 18*v**2 - 17*v + 10. Let f(z) = z**3 + 12*z**2 - 16*z + 10. Calculate the remainder when f(-13) is divided by o(-17).
9
Suppose -2499 = 227*k - 276*k. Calculate the remainder when 508 is divided by k.
49
Let r = 43 - 14. Suppose -6*t - 5*t = 1232. Let p = -97 - t. Calculate the remainder when r is divided by p.
14
Suppose 165 = -0*u - 5*u. Let x be (9 + u)/(3/2). Let c = x - -20. What is the remainder when 10 is divided by c?
2
Suppose 0 = 5*t - 15, 0 = -3*d + t - 5 - 1. What is the remainder when 7/(2/(7 + -1)) is divided by (-3 + 6)/((-3)/4 - d)?
9
What is the remainder when (-4)/(-6)*19/((-646)/(-6273)) is divided by 40?
3
Let b(n) = 7*n**2 + 4*n + 4. Calculate the remainder when b(-4) is divided by 2/40*2 + (-478)/(-20) + 2.
22
Suppose 18*l - 944 = -602. Calculate the remainder when 474 is divided by l.
18
Let t = 12 + 83. What is the remainder when t is divided by 17?
10
Let c be -2*36/(-16)*2. Suppose c*y - y - 88 = 0. Calculate the remainder when 31 is divided by y.
9
Suppose 231*n - 186 = -99*n + 1794. Calculate the remainder when 136/6 + 1/3 is divided by n.
5
Suppose -5*d + 2*y + 5 + 16 = 0, -5*y - 3 = 4*d. Suppose 0 = -5*i + 3*j + 160, 4*j = 6*i - d*i - 96. What is the remainder when i is divided by 18?
14
Let a be 1 + -2 + (-7)/7. Suppose 3*v = 3*p - 21, 3*v - 2 = -3*p + 1. What is the remainder when p is divided by (15/(-3) - a)/(-1)?
1
Let t be 15/10*(-474)/(-9). Suppose 5*o + t = 224. Suppose -311 = -2*q - o. Calculate the remainder when q is divided by 36.
33
Let v(m) = 11*m**3 - 4*m**2 - 3*m + 5. What is the remainder when v(2) is divided by 43?
28
Suppose -2*k + 102 = -5*v - 4, 2*k - 4*v - 110 = 0. What is the remainder when 249 is divided by k?
60
Let d = 56 + -122. Let v = 47 - d. Calculate the remainder when v is divided by 38.
37
Let n = -38 + 67. Suppose 2*w + 2*o = 1 + 13, 0 = -4*w - 5*o + n. Suppose 5*l - 56 = -5*y - w, 4*l = -12. Calculate the remainder when 64 is divided by y.
12
Let y(t) = -2*t**2 - 6*t + 18. Let j be y(3). What is the remainder when 15 is divided by (4/j + 14/(-18))*-4?
3
Let y(p) = -p**2 - 16*p - 23. What is the remainder when 286 is divided by y(-11)?
30
Suppose 21 = -4*j + 5*j + 4*u, -3*j - 3*u + 27 = 0. Calculate the remainder when 37 is divided by (-4)/(-20) + 64/j + 2.
7
What is the remainder when (-415)/(-20) + (0 - (-1)/4) is divided by 2/(-9) - (-224)/36?
3
Let q(y) = 39*y - 61. What is the remainder when 28 is divided by q(2)?
11
Let n(o) = o**2 - 3*o + 3. Let x be n(2). Let a = -2151 - -2155. What is the remainder when 0 - (x/1 + -15) is divided by a?
2
Let a = -21 - -55. Calculate the remainder when 814 is divided by a.
32
Suppose 2*k - 4*k + 3*c = -67, 3*c + 9 = 0. Calculate the remainder when 84 is divided by k.
26
Let t = 601 - 541. What is the remainder when t is divided by 33?
27
What is the remainder when 3396/21 - (-80)/(-112) is divided by -9*(-9 - 0)/3?
26
Let d = -42 + 62. Let o(i) = 4*i**2 - 3*i - 8. Calculate the remainder when o(5) is divided by d.
17
Suppose -20*f - 616 = -34*f. Calculate the remainder when 167 is divided by f.
35
Let z(b) = -5*b**2 + 6*b - 10. Let q(k) = 9*k**2 - 11*k + 19. Let w(p) = 6*q(p) + 11*z(p). What is the remainder when (-1)/(-3) - (-70)/6 is divided by w(0)?
0
Suppose -21*x + 6 = -25*x - 3*m, 2*x + 2*m + 6 = 0. Suppose 5*o = -4*c - 0*o + 24, -2*o = 4*c - 36. What is the remainder when c is divided by x?
2
Suppose 3*k = -k. Suppose 0 = 3*h + 2*w + 151, k = 4*h - w - w + 220. What is t